or of 13269?
False
Is 30 a factor of 4140?
True
Is 1221 a multiple of 5?
False
Is 21 a factor of 1109?
False
Does 13 divide 13096?
False
Is 24 a factor of 452?
False
Does 14 divide 9990?
False
Is 4 a factor of 2623?
False
Is 31 a factor of 1426?
True
Is 6152 a multiple of 8?
True
Is 770 a multiple of 11?
True
Is 340 a multiple of 8?
False
Is 2572 a multiple of 7?
False
Is 2991 a multiple of 75?
False
Is 5 a factor of 380?
True
Does 110 divide 14461?
False
Is 29 a factor of 347?
False
Is 244 a factor of 864?
False
Is 23 a factor of 4301?
True
Is 22954 a multiple of 153?
False
Does 13 divide 30892?
False
Is 81398 a multiple of 319?
False
Is 8 a factor of 25327?
False
Does 61 divide 1414?
False
Is 1653 a multiple of 29?
True
Is 9 a factor of 33282?
True
Is 92 a factor of 2710?
False
Is 2 a factor of 1079?
False
Is 1091 a multiple of 43?
False
Is 32 a factor of 192?
True
Is 43550 a multiple of 65?
True
Is 87 a factor of 370?
False
Does 29 divide 72?
False
Is 15 a factor of 120?
True
Does 289 divide 15317?
True
Is 106 a factor of 1060?
True
Does 50 divide 850?
True
Is 53 a factor of 1219?
True
Is 183 a multiple of 6?
False
Is 10203 a multiple of 19?
True
Does 28 divide 12124?
True
Is 15948 a multiple of 18?
True
Does 14 divide 319?
False
Is 504 a multiple of 28?
True
Is 53 a factor of 1272?
True
Does 17 divide 652?
False
Is 22 a factor of 962?
False
Is 79 a factor of 527?
False
Does 58 divide 8526?
True
Is 10 a factor of 23288?
False
Is 7 a factor of 21?
True
Does 18 divide 198?
True
Is 3 a factor of 378?
True
Does 21 divide 357?
True
Is 839 a multiple of 4?
False
Does 37 divide 91051?
False
Does 50 divide 5546?
False
Does 17 divide 22763?
True
Does 151 divide 107361?
True
Is 84 a factor of 1176?
True
Is 7488 a multiple of 39?
True
Is 17 a factor of 84235?
True
Does 5 divide 1437?
False
Is 1598 a multiple of 12?
False
Is 18431 a multiple of 12?
False
Is 9 a factor of 947?
False
Is 489 a multiple of 3?
True
Is 7705 a multiple of 8?
False
Is 253 a factor of 18439?
False
Is 1596 a multiple of 5?
False
Is 2812 a multiple of 76?
True
Does 10 divide 510?
True
Is 17 a factor of 1884?
False
Is 89 a factor of 7832?
True
Is 17 a factor of 5614?
False
Is 8 a factor of 5712?
True
Is 4633 a multiple of 7?
False
Is 2948 a multiple of 11?
True
Is 48414 a multiple of 79?
False
Does 18 divide 2004?
False
Does 183 divide 17202?
True
Does 11 divide 779?
False
Is 55 a factor of 53295?
True
Does 44 divide 817?
False
Does 7 divide 210?
True
Is 759 a multiple of 30?
False
Is 11 a factor of 1298?
True
Does 49 divide 475?
False
Is 285 a multiple of 57?
True
Does 3 divide 510?
True
Is 178 a factor of 15130?
True
Is 4 a factor of 25976?
True
Is 74 a factor of 69042?
True
Is 28 a multiple of 3?
False
Is 83 a factor of 3071?
True
Is 1371 a multiple of 4?
False
Is 21 a factor of 2653?
False
Is 270 a multiple of 5?
True
Is 48 a factor of 8198?
False
Does 29 divide 17690?
True
Is 53 a multiple of 5?
False
Is 1452 a multiple of 22?
True
Does 4 divide 359?
False
Is 90 a multiple of 2?
True
Is 2 a factor of 8536?
True
Does 34 divide 10455?
False
Does 22 divide 308?
True
Does 37 divide 1004?
False
Is 425 a multiple of 2?
False
Does 19 divide 4098?
False
Is 34 a factor of 5362?
False
Does 22 divide 682?
True
Does 50 divide 1550?
True
Does 55 divide 444?
False
Does 10 divide 10870?
True
Does 24 divide 1204?
False
Is 37 a factor of 10101?
True
Is 25 a factor of 500?
True
Does 6 divide 52152?
True
Does 7 divide 2590?
True
Is 702 a multiple of 27?
True
Is 32 a factor of 2208?
True
Is 71848 a multiple of 56?
True
Is 27 a factor of 756?
True
Does 144 divide 5771?
False
Is 12 a factor of 6192?
True
Is 193 a factor of 19696?
False
Is 12 a factor of 95?
False
Is 7 a factor of 49?
True
Is 93 a factor of 9522?
False
Does 8 divide 672?
True
Is 24 a factor of 7152?
True
Is 6555 a multiple of 18?
False
Is 2622 a multiple of 138?
True
Does 3 divide 173?
False
Is 170 a multiple of 5?
True
Does 51 divide 36465?
True
Is 8640 a multiple of 170?
False
Is 544 a multiple of 16?
True
Is 23 a factor of 1353?
False
Is 5 a factor of 1125?
True
Does 25 divide 76100?
True
Is 13 a factor of 5486?
True
Is 21 a factor of 6405?
True
Is 14 a factor of 3164?
True
Is 33 a factor of 1551?
True
Is 2130 a multiple of 13?
False
Does 12 divide 369?
False
Is 28 a factor of 1148?
True
Does 10 divide 280?
True
Is 1222 a multiple of 26?
True
Does 5 divide 317?
False
Is 332 a multiple of 7?
False
Is 4665 a multiple of 15?
True
Is 1365 a multiple of 35?
True
Is 22 a factor of 594?
True
Is 134 a multiple of 4?
False
Is 4 a factor of 2148?
True
Is 225 a factor of 15975?
True
Is 1802 a multiple of 17?
True
Is 184 a multiple of 4?
True
Is 46617 a multiple of 41?
True
Does 143 divide 9867?
True
Is 6 a factor of 66?
True
Does 14 divide 1558?
False
Is 2360 a multiple of 10?
True
Is 11 a factor of 88?
True
Is 3674 a multiple of 149?
False
Is 111 a factor of 17205?
True
Does 9 divide 17604?
True
Is 56 a factor of 1120?
True
Is 598 a multiple of 8?
False
Does 65 divide 3124?
False
Is 602 a multiple of 14?
True
Does 21 divide 796?
False
Does 16 divide 1306?
False
Is 510 a multiple of 10?
True
Is 29 a factor of 5745?
False
Is 21 a factor of 1050?
True
Is 13 a factor of 141453?
True
Is 32 a factor of 1661?
False
Is 101 a factor of 41494?
False
Is 15 a factor of 10718?
False
Does 14 divide 18327?
False
Is 29 a factor of 101868?
False
Does 150 divide 15493?
False
Is 24 a factor of 72?
True
Does 13 divide 2693?
False
Does 25 divide 14000?
True
Is 56 even?
True
Is 75 a factor of 375?
True
Does 31 divide 682?
True
Is 1893 a multiple of 61?
False
Is 146 a factor of 20294?
True
Is 13 a factor of 4859?
False
Does 112 divide 8972?
False
Does 4 divide 19742?
False
Does 5 divide 2167?
False
Does 8 divide 168?
True
Is 93959 a multiple of 17?
True
Is 13687 a multiple of 94?
False
Is 1004 a multiple of 18?
False
Is 16 a factor of 1632?
True
Does 3 divide 51?
True
Is 5635 a multiple of 35?
True
Is 12 a factor of 84?
True
Does 225 divide 55854?
False
Is 30 a factor of 1978?
False
Is 52 a factor of 7979?
False
Is 12361 a multiple of 24?
False
Is 4688 a multiple of 16?
True
Is 14306 a multiple of 23?
True
Does 57 divide 3388?
False
Is 156 a multiple of 12?
True
Is 219 a factor of 25484?
False
Does 37 divide 16991?
False
Is 36 a factor of 1567?
False
Is 583 a multiple of 14?
False
Is 28264 a multiple of 7?
False
Does 13 divide 16133?
True
Does 69 divide 19389?
True
Is 19 a factor of 9665?
False
Is 7682 a multiple of 23?
True
Is 386 a multiple of 14?
False
Does 37 divide 52208?
False
Is 8250 a multiple of 11?
True
Is 97560 a multiple of 90?
True
Is 10 a factor of 430?
True
Does 5 divide 714?
False
Is 193856 a multiple of 32?
True
Is 17 a factor of 476?
True
Is 627 a multiple of 16?
False
Does 19 divide 10507?
True
Is 102 a factor of 26316?
True
Is 54000 a multiple of 322?
False
Is 7920 a multiple of 36?
True
Does 28 divide 2113?
False
Does 6 divide 254?
False
Is 1950 a multiple of 30?
True
Is 15 a factor of 8130?
True
Does 14 divide 294?
True
Is 122 a factor of 18666?
True
Does 22 divide 12848?
True
Does 213 divide 10863?
True
Is 7 a factor of 759?
False
Is 10 a factor of 822?
False
Is 988 a multiple of 38?
True
Does 27 divide 4131?
True
Does 15 divide 15315?
True
Is 605 a multiple of 20?
False
Is 10 a factor of 19310?
True
Does 10 divide 16460?
True
Does 15 divide 300?
True
Is 8340 a multiple of 10?
True
Does 175 divide 6950?
False
Is 31 a factor of 6851?
True
Does 97 divide 4181?
False
Is 10 a factor of 4111?
False
Does 12 divide 4828?
False
Is 21114 a multiple of 311?
False
Is 72 a factor of 9832?
False
Is 1106 a multiple of 14?
True
Is 62216 a multiple of 77?
True
Is 1198 a multiple of 54?
False
Is 22833 a multiple of 9?
True
Does 3 divide 285?
True
Is 6 a factor of 194?
False
Is 14 a factor of 233?
False
Is 20 a factor of 5080?
True
Is 10 a factor of 18?
False
Is 12025 a multiple of 25?
True
Is 14400 a multiple of 75?
True
Is 153 a multiple of 2?
False
Is 118 a factor of 39648?
True
Does 165 divide 1208?
False
Is 249 even?
False
Is 31 a factor of 1828?
False
Is 204 a multiple of 34?
True
Does 6 divide 251?
False
Does 16 divide 1779?
False
Is 88637 a multiple of 167?
False
Is 11 a factor of 242?
True
Is 14966 a multiple of 14?
True
Does 19 divide 1634?
